 62814?
True
Is 495 a factor of 451089?
False
Is 679061 a multiple of 39?
False
Does 65 divide 3741400?
True
Does 146 divide 812247?
False
Does 19 divide 441142?
True
Is 306 a factor of 413712?
True
Is 3871962 a multiple of 558?
True
Is 507676 a multiple of 406?
False
Is 33099 a multiple of 649?
True
Is 2288385 a multiple of 23?
True
Does 177 divide 2639237?
False
Is 174359 a multiple of 113?
True
Is 235 a factor of 486450?
True
Does 226 divide 306456?
True
Is 3613087 a multiple of 49?
False
Is 114 a factor of 7384464?
True
Is 624633 a multiple of 59?
True
Does 792 divide 2526480?
True
Does 80 divide 849333?
False
Does 124 divide 6418?
False
Is 19 a factor of 7600513?
True
Does 11 divide 396918?
False
Is 11 a factor of 51064?
False
Is 1726849 a multiple of 395?
False
Is 6 a factor of 37525?
False
Is 75 a factor of 499471?
False
Is 307572 a multiple of 85?
False
Does 183 divide 3552030?
True
Is 100620 a multiple of 36?
True
Is 11820 a multiple of 30?
True
Is 1128394 a multiple of 58?
False
Is 404 a factor of 2799804?
False
Is 397 a factor of 700786?
False
Does 942 divide 80868?
False
Is 95430 even?
True
Is 14 a factor of 15749?
False
Is 138 a factor of 418943?
False
Is 74 a factor of 2598096?
False
Is 17 a factor of 5084?
False
Does 317 divide 8026123?
True
Is 161553 a multiple of 133?
False
Is 4623312 a multiple of 416?
False
Does 19 divide 2360427?
True
Is 8 a factor of 23657160?
True
Is 11 a factor of 1702690?
True
Does 14 divide 5928488?
False
Does 53 divide 51673?
False
Is 8 a factor of 733944?
True
Does 321 divide 16538241?
True
Is 1013058 a multiple of 207?
True
Is 180 a factor of 3625309?
False
Does 4 divide 1617351?
False
Is 22991 a multiple of 124?
False
Is 6981794 a multiple of 60?
False
Does 424 divide 828150?
False
Is 37 a factor of 17172958?
True
Is 1018470 a multiple of 15?
True
Does 72 divide 3568752?
True
Is 3681183 a multiple of 33?
True
Does 173 divide 665454?
False
Is 179 a factor of 2158104?
False
Does 7 divide 5781815?
False
Is 516 a factor of 1168224?
True
Is 326108 a multiple of 363?
False
Is 224 a factor of 3193378?
False
Does 313 divide 466683?
True
Is 18042192 a multiple of 1764?
True
Is 2167522 a multiple of 225?
False
Does 566 divide 675804?
True
Does 24 divide 126960?
True
Is 1846172 a multiple of 103?
True
Is 609976 a multiple of 19?
True
Is 12240 a multiple of 17?
True
Is 62322 a multiple of 141?
True
Does 25 divide 1209300?
True
Is 5 a factor of 1314189?
False
Does 65 divide 510185?
True
Does 69 divide 12488069?
False
Does 41 divide 550671?
True
Does 223 divide 230582?
True
Is 1788 a multiple of 2?
True
Is 49245 a multiple of 147?
True
Is 211 a factor of 9828308?
False
Does 322 divide 237636?
True
Does 79 divide 530396?
False
Is 73758 a multiple of 38?
True
Is 28 a factor of 188188?
True
Does 17 divide 5691299?
False
Is 1083962 a multiple of 319?
True
Is 430139 a multiple of 10?
False
Is 4 a factor of 772798?
False
Is 1063 a factor of 4052156?
True
Is 45844 a multiple of 146?
True
Is 29 a factor of 420355?
True
Is 657712 a multiple of 86?
False
Is 28 a factor of 176456?
True
Is 4060186 a multiple of 494?
True
Does 30 divide 1123857?
False
Is 1097943 a multiple of 12?
False
Is 622310 a multiple of 26?
True
Does 40 divide 89200?
True
Is 85 a factor of 133790?
True
Does 10 divide 173544?
False
Does 1178 divide 817532?
True
Does 7 divide 55970?
False
Is 2 a factor of 1720397?
False
Is 15 a factor of 5954655?
True
Is 812985 a multiple of 50?
False
Is 39 a factor of 314790?
False
Is 416286 a multiple of 14?
False
Is 102 a factor of 94146?
True
Does 7 divide 36881?
False
Does 39 divide 3081?
True
Does 21 divide 803559?
False
Does 571 divide 731451?
True
Is 14881261 a multiple of 473?
False
Is 1157528 a multiple of 44?
False
Is 65 a factor of 19584804?
False
Is 145 a factor of 817945?
True
Is 4 a factor of 57612?
True
Does 90 divide 466740?
True
Is 262 a factor of 21490833?
False
Does 24 divide 7524207?
False
Is 822624 a multiple of 451?
True
Does 15 divide 1768468?
False
Is 2465650 a multiple of 25?
True
Does 13 divide 5567333?
False
Does 642 divide 557898?
True
Does 14 divide 1167251?
False
Is 105 a factor of 811328?
False
Is 210 a factor of 7480106?
False
Does 33 divide 243053?
False
Is 4 a factor of 13960?
True
Is 109 a factor of 1478585?
True
Does 10 divide 108631?
False
Is 4 a factor of 7632560?
True
Is 7503576 a multiple of 126?
False
Does 35 divide 16275?
True
Does 248 divide 975136?
True
Is 191 a factor of 137902?
True
Is 88 a factor of 154352?
True
Does 13 divide 450519?
False
Is 41 a factor of 85038?
False
Is 8784413 a multiple of 253?
True
Is 29201 a multiple of 85?
False
Does 33 divide 122496?
True
Is 483912 a multiple of 18?
True
Does 38 divide 218576?
True
Does 12 divide 286863?
False
Is 99 a factor of 1042272?
True
Is 15836035 a multiple of 2198?
False
Is 3 a factor of 55031?
False
Is 857136 a multiple of 159?
False
Is 212531 a multiple of 13?
False
Does 178 divide 1829662?
True
Does 18 divide 56740?
False
Is 22944 a multiple of 12?
True
Does 40 divide 273160?
True
Does 141 divide 451773?
False
Is 35 a factor of 168840?
True
Does 6 divide 8856?
True
Is 63 a factor of 105945?
False
Does 6 divide 346278?
True
Does 39 divide 665967?
False
Does 552 divide 85008?
True
Is 16932 a multiple of 6?
True
Is 85 a factor of 234239?
False
Does 12 divide 22091393?
False
Is 6 a factor of 222774?
True
Is 1561 a factor of 26977202?
True
Is 8721 a multiple of 3?
True
Is 2 a factor of 609965?
False
Is 11 a factor of 918456?
True
Is 55 a factor of 61804?
False
Does 86 divide 1334290?
True
Is 1887606 a multiple of 14?
True
Does 48 divide 90336?
True
Is 324 a factor of 12013229?
False
Is 534 a factor of 1534716?
True
Does 30 divide 2004567?
False
Does 20 divide 327840?
True
Is 394 a factor of 890046?
True
Is 7 a factor of 15619?
False
Is 108 a factor of 1022544?
True
Is 323735 a multiple of 198?
False
Does 214 divide 155262?
False
Is 33 a factor of 92026?
False
Does 12 divide 3455436?
True
Is 260015 a multiple of 19?
True
Does 25 divide 6932675?
True
Does 20 divide 88620?
True
Is 540220 a multiple of 12?
False
Does 40 divide 12320?
True
Is 8 a factor of 6869552?
True
Does 13 divide 67340?
True
Does 26 divide 59867?
False
Is 7667786 a multiple of 36?
False
Is 18 a factor of 2086382?
False
Does 257 divide 2869405?
True
Is 9 a factor of 29106?
True
Does 3 divide 7329?
True
Does 8 divide 215046?
False
Is 82 a factor of 167671?
False
Is 4649945 a multiple of 403?
False
Is 30 a factor of 28015?
False
Is 701202 a multiple of 16?
False
Is 256809 a multiple of 68?
False
Is 56 a factor of 120176?
True
Is 14 a factor of 190583?
False
Is 1119 a factor of 6076170?
True
Is 778038 a multiple of 267?
True
Does 88 divide 1974808?
True
Does 31 divide 32302?
True
Is 611822 a multiple of 20?
False
Does 15 divide 5880291?
False
Does 8 divide 98399?
False
Is 34 a factor of 162112?
True
Is 101873 a multiple of 6?
False
Is 229919 a multiple of 267?
False
Is 236 a factor of 4012?
True
Is 1125 a factor of 21548250?
True
Does 90 divide 1303380?
True
Is 151 a factor of 5311480?
False
Is 17 a factor of 288864?
True
Is 12 a factor of 1075542?
False
Is 206 a factor of 172834?
True
Is 6 a factor of 810843?
False
Is 2860977 a multiple of 33?
False
Is 596 a factor of 718169?
False
Does 65 divide 1990048?
False
Is 1049731 a multiple of 18?
False
Is 7344876 a multiple of 1040?
False
Is 5101137 a multiple of 1134?
False
Is 6493334 a multiple of 82?
True
Is 14266009 a multiple of 61?
True
Is 7 a factor of 1228318?
True
Is 135640 a multiple of 26?
False
Is 60 a factor of 681960?
True
Is 105938 a multiple of 47?
True
Is 997076 a multiple of 185?
False
Is 3 a factor of 67029?
True
Is 205 a factor of 173225?
True
Does 1157 divide 1644097?
True
Does 30 divide 5150017?
False
Is 2166465 a multiple of 7?
True
Does 11 divide 156833?
False
Does 69 divide 12564624?
True
Is 25 a factor of 1000450?
True
Is 325703 a multiple of 68?
False
Does 7 divide 226345?
True
Is 339243 a multiple of 29?
False
Is 2051502 a multiple of 118?
False
Is 6943712 a multiple of 16?
True
Does 112 divide 1722560?
True
Is 198202 a multiple of 72?
False
Does 154 divide 17383?
False
Is 762 a multiple of 19?
False
Is 222342 a multiple of 110?
False
Does 15 divide 305493?
False
Does 4 divide 1845163?